t is the greatest common factor of h and 81?
9
Suppose 3*r = n - 84, -2*n - 21 + 184 = -r. Suppose -6941 - 5074 = 27*l. Let z = 499 + l. What is the greatest common factor of n and z?
27
Suppose -30*s - 29 = -3929. Suppose -46 = -y - 7. Calculate the highest common divisor of y and s.
13
Let g be ((-32)/(-8)*39/(-1))/(6 - 8). Calculate the highest common factor of g and 260.
26
Suppose 2*a = q - 134, -q = -3*a - 69 - 67. Suppose 6*c - 10*c = -2*x - q, -4*c - 5*x = -123. What is the greatest common divisor of c and 176?
16
Let h(x) = -x**3 + 39*x**2 - 38*x + 252. Let g be h(38). Calculate the highest common divisor of 5670 and g.
126
Let p(f) = f**3 - f**2 - 5*f. Let v be p(3). Suppose 0 = 4*u - 12, -v*x - 2*x - 5*u = -165. Let b = 440 + -110. Calculate the highest common divisor of b and x.
30
Let t be 12/2 - (6 - 2 - 6). Let l be 42/((-49)/7) + t. Calculate the highest common factor of l and 62.
2
Let m be (8/(-12))/((-4)/18). Let g be (1/m)/((-3)/(-27)). Suppose g*p + p - 4 = 0. What is the highest common factor of p and 5?
1
Suppose 4*c - 2753 = -13*w + 12*w, 0 = -c - 5. Calculate the greatest common divisor of 59 and w.
59
Let c = 805 - 517. Let l(k) = 32*k**2 - 3*k + 3. Let v = 337 - 336. Let p be l(v). Calculate the highest common divisor of p and c.
32
Suppose -51*l - 118*l = -9633. What is the highest common factor of 41325 and l?
57
Let a be 5*1/((-5)/(-12)). Suppose 3*d = 219*d - 4536. What is the greatest common divisor of a and d?
3
Suppose 0 = 3*j, 0 = 5*l - 0*j + j - 650. Let a(f) = -332*f + 1686. Let b be a(5). Calculate the highest common divisor of b and l.
26
Suppose 4*f = 4*n - f - 37, 2*n - 2*f - 16 = 0. Suppose n*l - 9 - 6 = 0. Let h = 36 + -31. What is the greatest common factor of h and l?
5
Let i(c) = c**2 + 7*c + 7. Let z be i(-7). Let h be 6/21 - (-61)/z. Suppose 23*g + 5 - 28 = 0. What is the highest common divisor of h and g?
1
Let p(z) = -z**2 + 21*z - 66. Let f be p(17). Suppose f*w - 145 = -3*w. Calculate the highest common divisor of w and 377.
29
Suppose -3*g - g + 4 = -3*n, 3*n - g = -1. Let v = 4 + n. Suppose 3*k = -2*k + v*j + 812, -3*j = -k + 169. What is the greatest common divisor of 20 and k?
20
Suppose -20*i = -3*f - 15*i + 7791, -f + 2569 = 3*i. What is the greatest common divisor of 65 and f?
13
Let u be (6 - 6) + (-8)/(-2). Let t be 56 + -7 + u + 2. What is the greatest common divisor of 165 and t?
55
Let s = 31 - -346. Calculate the highest common factor of s and 247.
13
Let c be (2 - 1) + (-10)/(-1) + -5. Suppose c*y + 3023 = 11735. What is the greatest common divisor of 12 and y?
12
Suppose 20*k - 4*k - 3*k = 9386. Calculate the greatest common factor of 418 and k.
38
Suppose 36 = 4*g + 4*w, g - 2*w - 6 = -3*g. Suppose -g = -3*d - d. Let i(y) = 15*y**3. Let m be i(d). What is the highest common factor of 60 and m?
15
Suppose -4*y + 517 = 3*i, -3*i + 2*i = -2*y + 251. Let a = -95 + y. Let z be (54/(-72))/((-2)/a). What is the greatest common divisor of 30 and z?
6
Suppose 14*y - 5*y = 18. Suppose -55 = -7*a + y*a. Suppose 4*d = -2*q + a + 73, -3*q + 126 = -3*d. Calculate the greatest common factor of q and 63.
21
Suppose 48*h - 5*j = 50*h - 975, -4*h + 1955 = 5*j. Calculate the greatest common divisor of h and 434.
14
Let b = -1629 - -3746. What is the greatest common divisor of b and 1387?
73
Let x = 9665 - 9649. Calculate the greatest common factor of 11 and x.
1
Suppose 0 = -883*b + 4020 + 1278. Suppose 0 = -3*t - t + 1416. Calculate the highest common factor of t and b.
6
Suppose 185 + 40 = 8*t - 63. What is the greatest common divisor of t and 2400?
12
Suppose 67*p - 81*p + 64050 = 0. What is the highest common factor of p and 150?
75
Let c(w) = w**2 - 4*w - 6. Let r be c(-3). Let a = r - 11. Suppose -a*p + 2 + 2 = 0. Calculate the greatest common factor of p and 9.
1
Let f(n) = -n**2 + 13*n + 27. Let j be f(11). Let c = -26 + j. Let w(y) = 37*y - 10. Let z be w(4). Calculate the highest common divisor of c and z.
23
Suppose 16*m - 299 = -7*m. Let z(q) = q**3 + 18*q - 72. Let a be z(5). Calculate the highest common factor of m and a.
13
Let t(u) = -426*u + 2618. Let m be t(6). Calculate the greatest common factor of 1984 and m.
62
Let m be 2/(-6)*24/(-1). Let s be ((-14)/4 - -4)*m. Suppose 0*q - 8 = 2*q, -s*v = 5*q - 300. Calculate the greatest common divisor of v and 10.
10
Suppose 0 = -0*v - 2*v. Let y be (3/(-3))/(1/(-6) + v). Let f = y + 11. Calculate the greatest common factor of f and 17.
17
Suppose 0 = 19*i + 6691 - 32531. What is the greatest common divisor of 595 and i?
85
Suppose -y - 7 + 10 = 0. Suppose 15 = y*b + 3*l, 5*b + l - 35 = -14. Let o be (7 - b) + -1 - -206. What is the greatest common factor of 13 and o?
13
Let p = 9357 - 9279. Calculate the greatest common divisor of 1911 and p.
39
Let r(c) = 5*c**2 - 6*c - 8. Let a be r(-4). Let h = 6 - -234. What is the greatest common factor of h and a?
48
Let p(l) = 33 + l - 51 + 25 + 0*l. Let t be p(-7). Let u be ((-1)/1 - -12) + -1 + t. Calculate the highest common divisor of 70 and u.
10
Let p(w) be the second derivative of 28*w**3/3 - 16*w**2 - 206*w. Let d be p(6). Calculate the greatest common divisor of 32 and d.
16
Let u be ((-1 + (-6)/4)/2)/(6/(-240)). Calculate the greatest common factor of u and 360.
10
Suppose -206*s + 943 + 1323 = 0. Let q(t) = t**2 - t + 44. Let r be q(0). Calculate the highest common divisor of s and r.
11
Suppose -365663 = 137*n - 553451 - 689697. Calculate the greatest common divisor of 45 and n.
15
Suppose u + 214 = 74*p - 72*p, -2*p + 220 = -4*u. Calculate the highest common divisor of 1537 and p.
53
Suppose 9*h - 68 = -14. What is the highest common divisor of h and 1344?
6
Let s = 8067 - 8035. What is the highest common factor of 11104 and s?
32
Let s = -92 + 245. Let b be s/1 - (-32)/4. What is the greatest common divisor of 46 and b?
23
Suppose 11*s - 403 = 1863. Let p = s - -49. Calculate the greatest common divisor of 17 and p.
17
Let a = -33 + 36. Suppose -a*h + 15 = 2*h. Suppose 5*w = -c + 280, w = -5*c - h*w + 1400. Calculate the greatest common factor of 35 and c.
35
Let o = -215 - -2580. What is the highest common factor of 860 and o?
215
Let y(k) = -157*k - 52. Let l be y(-4). What is the greatest common divisor of l and 522?
18
Let p = 6100 - 3473. Calculate the greatest common divisor of p and 71.
71
Suppose 56 - 207 = -49*s + 94. Suppose 63 = b - f, 0 = -4*b + 2*f - 4*f + 264. Calculate the greatest common divisor of b and s.
5
Let n(p) = 3*p + 16. Let l = -50 + 58. Let y be n(l). Suppose 0*k + 4*k = 400. Calculate the highest common divisor of y and k.
20
Let a = 38 + -34. Suppose -a*u = -1018 - 1038. Suppose 2*s = 5*r - s - 529, 5*r = -2*s + u. What is the highest common factor of r and 26?
26
Suppose 3*t + 3*c = 129, 0 = -2*t + 8*c - 3*c + 51. Suppose -2*b - t = -4*p, -2*p + 0*b = 5*b + 11. Calculate the highest common divisor of p and 1.
1
Suppose -333 + 84 = -3*d - k, -d + 5*k = -99. Calculate the greatest common factor of d and 1860.
12
Let y(q) = 3*q + 10. Suppose 83*r - 81*r = -8. Let v be y(r). Let m be (-5 + 4 + 0)*(-3 - v). Calculate the highest common divisor of 1 and m.
1
Let z(s) = 3*s - 1. Let o be z(1). Let n(c) = 2*c + 0*c - 3*c**2 - 4*c - o*c**2 - 2 - c**3. Let j be n(-5). Calculate the highest common divisor of 32 and j.
8
Suppose -549 + 972 + 765 = 22*c. Calculate the greatest common divisor of c and 3834.
54
Let s(g) = -22*g**3 + 3*g**2 - 163*g - 646. Let i be s(-4). What is the highest common factor of 344 and i?
86
Let w be (-1925)/84 + 8 - 1/12. Let t be (-17 + -9 + 6)*42/w. Calculate the greatest common divisor of t and 308.
28
Suppose 5*r = -111*s + 110*s - 12, -s + 4*r = -33. Let v(w) = w**3 - 14*w**2 + 19*w - 14. Let u be v(s). Calculate the greatest common factor of 56 and u.
8
Let t be (-8 + 9)*(179 - 0). Suppose -t = -5*j + 291. Let x = j + -93. What is the highest common divisor of x and 2?
1
Suppose 1049 = 5*h + 4*z, 2*h - 4*z - 416 = -2*z. Let t be 2/13 - 8/52. Suppose -5*x + 6*x - 11 = t. Calculate the greatest common factor of h and x.
11
Let v(r) = -r**3 - 7*r**2 - 26*r - 237. Let i be v(-9). Calculate the highest common divisor of i and 7791.
159
Let b = -356 + 363. Suppose -b*h = -10*h + 1092. Calculate the highest common divisor of h and 1